{"id":1178,"date":"2018-05-02T15:37:09","date_gmt":"2018-05-02T15:37:09","guid":{"rendered":"https:\/\/vafris.is\/?page_id=1178"},"modified":"2022-02-24T10:34:42","modified_gmt":"2022-02-24T10:34:42","slug":"adalfundur-og-hugvekja","status":"publish","type":"page","link":"https:\/\/vafris.is\/?page_id=1178","title":{"rendered":"Hugvekjur um fr\u00e1veitu"},"content":{"rendered":"<p>\u00c1 a\u00f0alfundi VAFR\u00cd 2. ma\u00ed 2018 \u00ed H\u00e1sk\u00f3la \u00cdslands voru fluttar tv\u00e6r hugvekjur, sem komu inn\u00e1 \u00fe\u00f6rfina fyrir sk\u00fdrari ramma, t\u00e6knilei\u00f0beiningar og n\u00fdsk\u00f6pun b\u00e6\u00f0i hva\u00f0 var\u00f0ar me\u00f0fer\u00f0 \u00e1 sk\u00f3lpi og ofanvatni \u00e1 \u00cdslandi.\u00a0<a style=\"font-weight: 300;\" href=\"https:\/\/rec.hi.is\/Panopto\/Pages\/Viewer.aspx?id=98cdb0da-29ee-4fea-9729-6c24d1771c07\">Upptaka af fundinum<\/a><\/p>\n<p><strong>Dagskr\u00e1 og gl\u00e6rur:<\/strong><\/p>\n<ul>\n<li>12:00\u00a0 Hef\u00f0bundin a\u00f0alfundarst\u00f6rf<\/li>\n<li>12:20\u00a0 <strong>Sigur\u00f0ur Gr\u00e9tar Sigmarsson, Verk\u00eds:<\/strong> <a href=\"https:\/\/vafris.is\/wp-content\/uploads\/2018\/05\/Me\u00f0h\u00f6ndlun-ofanvatns-N\u00e6stu-skref-\u00e1-\u00edslandi.pdf\">Me\u00f0h\u00f6ndlun ofanvatns-N\u00e6stu skref \u00e1 \u00edslandi<\/a><\/li>\n<li>12:40\u00a0 <strong>Ragnhildur Gunnarsd\u00f3ttir, Eflu:<\/strong> <a href=\"https:\/\/vafris.is\/wp-content\/uploads\/2018\/05\/Vistv\u00e6nar-salernis-og-sk\u00f3lphreinsilausnir-VAFR\u00cd-2018.pdf\">Vistv\u00e6nar salernis- og sk\u00f3lphreinsilausnir VAFR\u00cd 2018<\/a><\/li>\n<li>13:00\u00a0 Umr\u00e6\u00f0ur<\/li>\n<li><strong>Fundarstj\u00f3rn:<\/strong> Ald\u00eds Ingimarsd\u00f3ttir, verkfr\u00e6\u00f0ingur og kennari vi\u00f0 H\u00e1sk\u00f3lann \u00ed Reykjav\u00edk, og Brynj\u00f3lfur Bj\u00f6rnsson, verkfr\u00e6\u00f0ingur hj\u00e1 Mannviti<\/li>\n<\/ul>\n<p>\u00c1 a\u00f0alfundi VAFR\u00cd 8 ma\u00ed 2012 h\u00e9lt Hilmar Sigur\u00f0sson, verkfr\u00e6\u00f0ingur, erindi me\u00f0 heitinu:\u00a0<a style=\"font-weight: 300;\" href=\"https:\/\/vafris.is\/wp-content\/uploads\/2014\/03\/Huglei\u00f0ing-um-fr\u00e1veitu-\u00e1-a\u00f0alfundi-VAFR\u00cd-8.-ma\u00ed-2012.pdf\">Huglei\u00f0ing um fr\u00e1veitu<\/a><\/p>\n","protected":false},"excerpt":{"rendered":"<p>\u00c1 a\u00f0alfundi VAFR\u00cd 2. ma\u00ed 2018 \u00ed H\u00e1sk\u00f3la \u00cdslands voru fluttar tv\u00e6r hugvekjur, sem komu inn\u00e1 \u00fe\u00f6rfina fyrir sk\u00fdrari ramma, t\u00e6knilei\u00f0beiningar og n\u00fdsk\u00f6pun b\u00e6\u00f0i hva\u00f0 var\u00f0ar me\u00f0fer\u00f0 \u00e1 sk\u00f3lpi og ofanvatni \u00e1 \u00cdslandi.\u00a0Upptaka af fundinum Dagskr\u00e1 og gl\u00e6rur: 12:00\u00a0 Hef\u00f0bundin &hellip; <a href=\"https:\/\/vafris.is\/?page_id=1178\">Halda \u00e1fram a\u00f0 lesa <span class=\"meta-nav\">&rarr;<\/span><\/a><\/p>\n","protected":false},"author":2,"featured_media":0,"parent":0,"menu_order":0,"comment_status":"closed","ping_status":"open","template":"","meta":{"footnotes":""},"class_list":["post-1178","page","type-page","status-publish","hentry"],"_links":{"self":[{"href":"https:\/\/vafris.is\/index.php?rest_route=\/wp\/v2\/pages\/1178","targetHints":{"allow":["GET"]}}],"collection":[{"href":"https:\/\/vafris.is\/index.php?rest_route=\/wp\/v2\/pages"}],"about":[{"href":"https:\/\/vafris.is\/index.php?rest_route=\/wp\/v2\/types\/page"}],"author":[{"embeddable":true,"href":"https:\/\/vafris.is\/index.php?rest_route=\/wp\/v2\/users\/2"}],"replies":[{"embeddable":true,"href":"https:\/\/vafris.is\/index.php?rest_route=%2Fwp%2Fv2%2Fcomments&post=1178"}],"version-history":[{"count":14,"href":"https:\/\/vafris.is\/index.php?rest_route=\/wp\/v2\/pages\/1178\/revisions"}],"predecessor-version":[{"id":1554,"href":"https:\/\/vafris.is\/index.php?rest_route=\/wp\/v2\/pages\/1178\/revisions\/1554"}],"wp:attachment":[{"href":"https:\/\/vafris.is\/index.php?rest_route=%2Fwp%2Fv2%2Fmedia&parent=1178"}],"curies":[{"name":"wp","href":"https:\/\/api.w.org\/{rel}","templated":true}]}}