{"id":1202,"date":"2018-10-24T16:52:02","date_gmt":"2018-10-24T16:52:02","guid":{"rendered":"https:\/\/vafris.is\/?page_id=1202"},"modified":"2022-02-21T11:59:20","modified_gmt":"2022-02-21T11:59:20","slug":"himnur-membranes","status":"publish","type":"page","link":"https:\/\/vafris.is\/?page_id=1202","title":{"rendered":"Himnur 2018"},"content":{"rendered":"<p>H\u00e1degisfyrirlestur um hvernig himnur geta n\u00fdst \u00ed vatns- og fr\u00e1veitum f\u00f3r fram \u00ed \u00d6skju \u00feri\u00f0judaginn 13. n\u00f3vember 2018.\u00a0 Bing Wu, n\u00fdr lektor \u00ed umhverfisverkfr\u00e6\u00f0i vi\u00f0 H\u00e1sk\u00f3la \u00cdslands kynnti t\u00e6knina. S\u00ed\u00f0an fylgdu styttri erindi fr\u00e1 notendum t\u00e6kninnar.<\/p>\n<p><strong>Dagskr\u00e1:<\/strong><\/p>\n<p>12:00-12:20 \u00a0\u00a0 Samlokur og samr\u00e6\u00f0ur fyrir utan sal<br \/>\n<span style=\"font-weight: 300;\">12:20-12:25\u00a0 \u00a0 Setning fundar, Hrund \u00d3. Andrad\u00f3ttir forma\u00f0ur VAFR\u00cd<br \/>\n<\/span><span style=\"font-weight: 300;\">12:25-12:45\u00a0 \u00a0 Bing Wu, lektor \u00ed umhverfisverkfr\u00e6\u00f0i vi\u00f0 H\u00e1sk\u00f3la \u00cdslands:<br \/>\n<\/span><em style=\"font-weight: 300;\">\u00a0 \u00a0 \u00a0\u00a0<a href=\"https:\/\/vafris.is\/wp-content\/uploads\/2018\/10\/Bing-Wu.Membranes.Nov13.2018.pdf\">Membranes technology as a solution<\/a><br \/>\n<\/em><span style=\"font-weight: 300;\">12:45-12:55\u00a0 \u00a0 Snorri Halld\u00f3rsson, yfirma\u00f0ur verkfr\u00e6\u00f0isvi\u00f0s Alvotech:<br \/>\n<a href=\"https:\/\/vafris.is\/wp-content\/uploads\/2018\/10\/Alvotech_Membrane_Technology_Nov_2018.pdf\">Alvotech and membrane technology<\/a><br \/>\n<\/span><span style=\"font-weight: 300;\">12:55-13:05 \u00a0\u00a0 Reynir S\u00e6varsson, fagstj\u00f3ri vatns- og fr\u00e1veitna hj\u00e1 Eflu verkfr\u00e6\u00f0istofu:\u00a0 \u00a0<\/span><em style=\"font-weight: 300;\">\u201eByggist framt\u00ed\u00f0 annars stigs sk\u00f3lp hreinsunar \u00e1 \u00cdslandi \u00e1 e\u00f0lisfr\u00e6\u00f0ilegum lausnum?\u201c<\/em><\/p>\n<p><span style=\"font-weight: 300;\">13:05-13:20\u00a0\u00a0\u00a0 Almennar umr\u00e6\u00f0ur<\/span><\/p>\n","protected":false},"excerpt":{"rendered":"<p>H\u00e1degisfyrirlestur um hvernig himnur geta n\u00fdst \u00ed vatns- og fr\u00e1veitum f\u00f3r fram \u00ed \u00d6skju \u00feri\u00f0judaginn 13. n\u00f3vember 2018.\u00a0 Bing Wu, n\u00fdr lektor \u00ed umhverfisverkfr\u00e6\u00f0i vi\u00f0 H\u00e1sk\u00f3la \u00cdslands kynnti t\u00e6knina. S\u00ed\u00f0an fylgdu styttri erindi fr\u00e1 notendum t\u00e6kninnar. Dagskr\u00e1: 12:00-12:20 \u00a0\u00a0 Samlokur &hellip; <a href=\"https:\/\/vafris.is\/?page_id=1202\">Halda \u00e1fram a\u00f0 lesa <span class=\"meta-nav\">&rarr;<\/span><\/a><\/p>\n","protected":false},"author":2,"featured_media":0,"parent":0,"menu_order":0,"comment_status":"closed","ping_status":"open","template":"","meta":{"footnotes":""},"class_list":["post-1202","page","type-page","status-publish","hentry"],"_links":{"self":[{"href":"https:\/\/vafris.is\/index.php?rest_route=\/wp\/v2\/pages\/1202","targetHints":{"allow":["GET"]}}],"collection":[{"href":"https:\/\/vafris.is\/index.php?rest_route=\/wp\/v2\/pages"}],"about":[{"href":"https:\/\/vafris.is\/index.php?rest_route=\/wp\/v2\/types\/page"}],"author":[{"embeddable":true,"href":"https:\/\/vafris.is\/index.php?rest_route=\/wp\/v2\/users\/2"}],"replies":[{"embeddable":true,"href":"https:\/\/vafris.is\/index.php?rest_route=%2Fwp%2Fv2%2Fcomments&post=1202"}],"version-history":[{"count":4,"href":"https:\/\/vafris.is\/index.php?rest_route=\/wp\/v2\/pages\/1202\/revisions"}],"predecessor-version":[{"id":1208,"href":"https:\/\/vafris.is\/index.php?rest_route=\/wp\/v2\/pages\/1202\/revisions\/1208"}],"wp:attachment":[{"href":"https:\/\/vafris.is\/index.php?rest_route=%2Fwp%2Fv2%2Fmedia&parent=1202"}],"curies":[{"name":"wp","href":"https:\/\/api.w.org\/{rel}","templated":true}]}}