{"id":1619,"date":"2022-05-18T13:32:21","date_gmt":"2022-05-18T13:32:21","guid":{"rendered":"https:\/\/vafris.is\/?page_id=1619"},"modified":"2025-04-08T15:38:22","modified_gmt":"2025-04-08T15:38:22","slug":"flod-og-bgo","status":"publish","type":"page","link":"https:\/\/vafris.is\/?page_id=1619","title":{"rendered":"Fl\u00f3\u00f0 og BGO 2022"},"content":{"rendered":"<p>\u00cd kj\u00f6lfar a\u00f0afundar \u00feann 19. ma\u00ed 2022 \u00ed \u00d6skju, H\u00e1sk\u00f3la \u00cdslands, var bo\u00f0i\u00f0 upp \u00e1 fr\u00e6\u00f0slufund me\u00f0 \u00fev\u00ed markmi\u00f0i a\u00f0<span style=\"font-weight: 300;\">\u00a0deila helstu ni\u00f0urst\u00f6\u00f0um sem var\u00f0ar skipulag, h\u00f6nnun og rekstur <a href=\"https:\/\/www.bgoreykjavik.com\/\">bl\u00e1gr\u00e6nna ofanvatnslausna (BGO)<\/a> \u00ed strandloftslagi.\u00a0<\/span><\/p>\n<p><strong>Fundarstj\u00f3ri:<\/strong> Baldur D\u00fdrfj\u00f6r\u00f0<\/p>\n<p><strong>14:30-15:40 \u00derj\u00fa frams\u00f6guerindi, upptaka <a href=\"https:\/\/www.facebook.com\/share\/v\/1BzWtT9b5v\/\">h\u00e9r<\/a><\/strong><\/p>\n<ul>\n<li>Hrund \u00d3. Andrad\u00f3ttir, pr\u00f3fessor \u00ed umhverfisverkfr\u00e6\u00f0i vi\u00f0 H\u00e1sk\u00f3la \u00cdslands: <strong><em>Sj\u00e1lfb\u00e6r borg \u00ed breytilegu sj\u00e1varloftslagi.\u00a0<\/em><\/strong><span style=\"font-weight: 300;\">Greint ver\u00f0ur fr\u00e1 hvernig langvarandi rigning \u00e1 snj\u00f3 og frosna j\u00f6r\u00f0 veldur flestum vatnstengdum tj\u00f3num \u00e1 h\u00f6fu\u00f0borgarsv\u00e6\u00f0inu. R\u00e6ddar ver\u00f0a breytingar \u00ed vetrarstormum vegna loftslagsbreytinga og hvernig borgir eru a\u00f0 innlei\u00f0a r\u00edkari kr\u00f6fur til \u00feess a\u00f0 ofanvatn s\u00e9 leyst innan l\u00f3\u00f0ar.<\/span><\/li>\n<li>Eysteinn Haraldsson, b\u00e6jarverkfr\u00e6\u00f0ingur Gar\u00f0ab\u00e6jar: <strong>Uppbygging og rekstur samf\u00e9lags me\u00f0 sj\u00e1lfb\u00e6rum ofanvatnslausnum.\u00a0<\/strong><span style=\"font-weight: 300;\">Eysteinn mun greina fr\u00e1 15 \u00e1ra reynslu af skipulagningu og byggingu hverfisins Urri\u00f0aholts me\u00f0 sj\u00e1lfb\u00e6rum ofanvatnslausnum.\u00a0 Hann munn greina fr\u00e1 rekstri \u00e1 mismunandi \u00e1rst\u00ed\u00f0um og \u00fe\u00e1ttt\u00f6ku \u00edb\u00faa og sk\u00f3la. \u00de\u00e1 mun hann greina fr\u00e1 hvernig b\u00e6jarf\u00e9lagi\u00f0 og \u00fer\u00f3unarf\u00e9lagi\u00f0 Urri\u00f0aholt ehf. hafa styrkt uppbyggingu ranns\u00f3knainnvi\u00f0a sem jafnframt n\u00fdtast \u00edb\u00faum hverfisins.<\/span><\/li>\n<li>Tarek Zaqout, doktorsnemi \u00ed umhverfisverkfr\u00e6\u00f0i vi\u00f0 H\u00e1sk\u00f3la \u00cdslands, <strong><em>Skilvirk h\u00f6nnun bl\u00e1gr\u00e6nna ofanvatnslausna \u00ed k\u00f6ldu loftslagi.\u00a0<\/em><\/strong><span style=\"font-weight: 300;\">Tarek mun fjalla um ni\u00f0urst\u00f6\u00f0ur ranns\u00f3kna um virkni bl\u00e1gr\u00e6nna ofanvatnslausna \u00ed Urri\u00f0aholti og \u00feeim l\u00e6rd\u00f3mi sem draga m\u00e1 af \u00feeim.\u00a0 Hann mun tala m.a. um \u00edsigseinginleika \u00edslensks eldfjallajar\u00f0vegs, mikilv\u00e6gi gr\u00f3\u00f0ur\u00feekju og hvernig megi draga \u00far h\u00e6ttu \u00e1 frosinni j\u00f6r\u00f0.\u00a0\u00a0<\/span><\/li>\n<\/ul>\n<p><strong>15:40-16:00 Umr\u00e6\u00f0ur<\/strong><\/p>\n<p><strong>16:00-17:00 Veitingar<\/strong><\/p>\n","protected":false},"excerpt":{"rendered":"<p>\u00cd kj\u00f6lfar a\u00f0afundar \u00feann 19. ma\u00ed 2022 \u00ed \u00d6skju, H\u00e1sk\u00f3la \u00cdslands, var bo\u00f0i\u00f0 upp \u00e1 fr\u00e6\u00f0slufund me\u00f0 \u00fev\u00ed markmi\u00f0i a\u00f0\u00a0deila helstu ni\u00f0urst\u00f6\u00f0um sem var\u00f0ar skipulag, h\u00f6nnun og rekstur bl\u00e1gr\u00e6nna ofanvatnslausna (BGO) \u00ed strandloftslagi.\u00a0 Fundarstj\u00f3ri: Baldur D\u00fdrfj\u00f6r\u00f0 14:30-15:40 \u00derj\u00fa frams\u00f6guerindi, upptaka &hellip; <a href=\"https:\/\/vafris.is\/?page_id=1619\">Halda \u00e1fram a\u00f0 lesa <span class=\"meta-nav\">&rarr;<\/span><\/a><\/p>\n","protected":false},"author":2,"featured_media":0,"parent":0,"menu_order":0,"comment_status":"closed","ping_status":"open","template":"","meta":{"footnotes":""},"class_list":["post-1619","page","type-page","status-publish","hentry"],"_links":{"self":[{"href":"https:\/\/vafris.is\/index.php?rest_route=\/wp\/v2\/pages\/1619","targetHints":{"allow":["GET"]}}],"collection":[{"href":"https:\/\/vafris.is\/index.php?rest_route=\/wp\/v2\/pages"}],"about":[{"href":"https:\/\/vafris.is\/index.php?rest_route=\/wp\/v2\/types\/page"}],"author":[{"embeddable":true,"href":"https:\/\/vafris.is\/index.php?rest_route=\/wp\/v2\/users\/2"}],"replies":[{"embeddable":true,"href":"https:\/\/vafris.is\/index.php?rest_route=%2Fwp%2Fv2%2Fcomments&post=1619"}],"version-history":[{"count":7,"href":"https:\/\/vafris.is\/index.php?rest_route=\/wp\/v2\/pages\/1619\/revisions"}],"predecessor-version":[{"id":1820,"href":"https:\/\/vafris.is\/index.php?rest_route=\/wp\/v2\/pages\/1619\/revisions\/1820"}],"wp:attachment":[{"href":"https:\/\/vafris.is\/index.php?rest_route=%2Fwp%2Fv2%2Fmedia&parent=1619"}],"curies":[{"name":"wp","href":"https:\/\/api.w.org\/{rel}","templated":true}]}}