{"id":59,"date":"2012-10-08T16:54:30","date_gmt":"2012-10-08T16:54:30","guid":{"rendered":"https:\/\/vafris.is\/?page_id=59"},"modified":"2023-01-10T19:12:12","modified_gmt":"2023-01-10T19:12:12","slug":"islenskar-namsritgerdir","status":"publish","type":"page","link":"https:\/\/vafris.is\/?page_id=59","title":{"rendered":"N\u00e1msritger\u00f0ir \u00ed fr\u00e1veitum"},"content":{"rendered":"<p>H\u00e9r eru d\u00e6mi af ritger\u00f0um sem hafa veri\u00f0 unnar \u00e1 h\u00e1sk\u00f3lastigi sem tengjast fr\u00e1veitum \u00e1 \u00cdslandi.<\/p>\n<p>Bjarni Halld\u00f3rsson (2021).\u00a0<a href=\"http:\/\/hdl.handle.net\/1946\/37576\"><em>Influence of repeated freeze-thaw cycles on the infiltration of Icelandic Andosols<\/em><\/a>. (30 ECTS).\u00a0MS nefnd: Hrund Andrad\u00f3ttir &amp; Tarek Zaqout (H\u00cd).<\/p>\n<p>Anna Rut Arnard\u00f3ttir. 2020.\u00a0<a href=\"http:\/\/hdl.handle.net\/1946\/34938\"><em>Winter Floods in Reykjav\u00edk: Coaction of Meteorological and Soil Conditions<\/em><\/a>. (30 ECTS). MS nefnd: Hrund Andrad\u00f3ttir &amp; Tarek Zaqout (H\u00cd).<\/p>\n<p>Andri \u00de\u00f3r Andr\u00e9sson. 2020. <em><a href=\" http:\/\/hdl.handle.net\/1946\/37290\">Ofanvatnsskipulag: Bl\u00e1gr\u00e6nar ofanvatnslausnir \u00ed skipulagi.<\/a><\/em> MS nefnd: Sigr\u00ed\u00f0ur Kristj\u00e1nsd\u00f3ttir (LBH\u00cd) &amp; Sigur\u00f0ur Gr\u00e9tar Sigmarsson (Verk\u00eds).<\/p>\n<p>Halla Einarsd\u00f3ttir. 2018.\u00a0<a href=\"https:\/\/skemman.is\/handle\/1946\/29501\"><em>Seasonal performance of extensive green roofs in Iceland\u00a0<\/em><\/a>(30 ECTS). MS nefnd: Hrund Andrad\u00f3ttir (H\u00cd) &amp; Reynir S\u00e6varsson (EFLU).<\/p>\n<p>Eyr\u00fan P\u00e9tursd\u00f3ttir. 2016.\u00a0<a href=\"https:\/\/skemman.is\/handle\/1946\/24846\"><em>Key factors for the implementation of sustainable drainage solutions in Iceland\u00a0<\/em><\/a>(30 ECTS). MS nefnd: Hrund Andrad\u00f3ttir (H\u00cd) &amp;\u00a0Halld\u00f3ra Hreggvi\u00f0sd\u00f3ttir (Alta ehf).<\/p>\n<p>\u00c1g\u00fast El\u00ed \u00c1g\u00fastsson. 2015.\u00a0<a href=\"http:\/\/skemman.is\/item\/view\/1946\/21735\"><em> Gr\u00e6n \u00fe\u00f6k \u00e1 \u00cdslandi. Greining \u00e1 vatnsheldni gr\u00e6nna \u00feaka mi\u00f0a\u00f0 vi\u00f0 \u00edslenska ve\u00f0r\u00e1ttu\u00a0<\/em> <\/a>(30 ECTS). MS nefnd: Hrund \u00d3. Andrad\u00f3ttir (H\u00cd) og Reynir S\u00e6varsson (EFLA)<\/p>\n<p><em><a href=\"https:\/\/vafris.is\/wp-content\/uploads\/2012\/10\/Semester_projekt_Kristinsson.pdf\">Scenario analysis of Thingvellir National Park in Iceland<\/a> <\/em>(2015)<br \/>\nNemandi: B\u00f6rkur Sm\u00e1ri Kristinsson, N\u00e1msverkefni vi\u00f0 ETH Zurich<\/p>\n<p>\u00de\u00f3r\u00f0ur Ingi Gu\u00f0mundsson (2012). <em><a style=\"font-size: revert;\" href=\"http:\/\/hdl.handle.net\/1946\/13279\" target=\"_blank\" rel=\"noopener\">\u00dargangur \u00far orku. Lei\u00f0ir til a\u00f0 n\u00fdta sk\u00f3lp til eldsneytisframlei\u00f0slu<\/a><\/em> <span style=\"font-size: revert;\">(60 ECTS) <\/span><span style=\"font-size: revert;\">MS nefnd: R\u00fanar Unn\u00fe\u00f3rsson og P\u00e1ll Jensson<\/span><\/p>\n<div>\n<p><a href=\"http:\/\/hdl.handle.net\/1946\/10640\" target=\"_blank\" rel=\"noopener\"><em>Er \u00fe\u00f6rf \u00e1 a\u00f0 tv\u00f6falda fr\u00e1veituna \u00ed Skuggahverfinu \u00ed Reykjav\u00edk<\/em><\/a> (2011)<br \/>\nNemandi: \u00dalfar \u00deorgeirsson<br \/>\nBS ritger\u00f0 vi\u00f0 H\u00e1sk\u00f3lann \u00ed Reykjav\u00edk<br \/>\nLei\u00f0beinandi: Brynj\u00f3lfur Bj\u00f6rnsson, Mannvit.<\/p>\n<\/div>\n<p><em><a href=\"http:\/\/hdl.handle.net\/1946\/9878\">Impacts of Climate Change on Wastewater\u00a0Systems in Reykjav\u00edk<\/a><\/em> (2010)<br \/>\nNemandi:\u00a0 \u00c1sta \u00d3sk Hl\u00f6\u00f0versd\u00f3ttir<br \/>\n(30 ECTS). MS nefnd:\u00a0 Brynj\u00f3lfur Bj\u00f6rnsson (Mannvit), Hrund \u00d3. Andrad\u00f3ttir (H\u00cd), J\u00f3nas El\u00edasson (H\u00cd) og Philippe Crochet (V\u00cd)<\/p>\n<p><a href=\"http:\/\/www.hi.is\/sites\/default\/files\/oldSchool\/ms_thesis_GEV_2010.pdf\"><em>Removal of heavy metals in a wet detention pond in Reykjavik <\/em><\/a>(2010)<br \/>\nNemandi: Gu\u00f0bj\u00f6rg Esther G. Vollertsen<br \/>\n(60 ECTS). MS nefnd : Hrund \u00d3. Andrad\u00f3ttir (H\u00cd) og Hildur Ingvarsd\u00f3ttir (OR)<\/p>\n<div>\n<p><a href=\"http:\/\/hdl.handle.net\/1946\/6967http:\/\/\" target=\"_blank\" rel=\"noopener\"><em>Vatnaskil. \u00c1hrif vatns- og fr\u00e1veitu \u00e1 heilsufar Reykv\u00edkinga 1890-1940<\/em><\/a> (2010)<br \/>\nNemandi: Anna Dr\u00f6fn \u00c1g\u00fastd\u00f3ttir<br \/>\nLei\u00f0beinendur: Gu\u00f0mundur J\u00f3nsson og \u00d3l\u00f6f Gar\u00f0arsd\u00f3ttir<\/p>\n<\/div>\n<div>\n<p><em><a href=\"http:\/\/hdl.handle.net\/1946\/1370\" target=\"_blank\" rel=\"noopener\">\u00deynning og dreifing \u00e1 sk\u00f3lpi fr\u00e1 Akureyrarb\u00e6 \u00fat \u00ed Eyjafj\u00f6r\u00f0<\/a><\/em> (2005)<br \/>\nNemandi: Dav\u00ed\u00f0 Vi\u00f0arsson<br \/>\nLokaverkefni vi\u00f0 H\u00e1sk\u00f3lann \u00e1 Akureyri<br \/>\nLei\u00f0beinendur: Hrefna Kristmannsd\u00f3ttir og Alfre\u00f0 Schioth<\/p>\n<\/div>\n<p><em><a href=\"http:\/\/www.hi.is\/umhverfis_og_byggingarverkfraedideild\/meistaraverkefni_reynir_saevarsson\">Greining \u00e1 Skerjafjar\u00f0arveitu (2004)<\/a><\/em><br \/>\nNemandi: Reynir S\u00e6varsson<br \/>\nMS ritger\u00f0 vi\u00f0 H\u00e1sk\u00f3la \u00cdslands. Lei\u00f0beinandi: Sigur\u00f0ur M. Gar\u00f0arsson<\/p>\n","protected":false},"excerpt":{"rendered":"<p>H\u00e9r eru d\u00e6mi af ritger\u00f0um sem hafa veri\u00f0 unnar \u00e1 h\u00e1sk\u00f3lastigi sem tengjast fr\u00e1veitum \u00e1 \u00cdslandi. Bjarni Halld\u00f3rsson (2021).\u00a0Influence of repeated freeze-thaw cycles on the infiltration of Icelandic Andosols. (30 ECTS).\u00a0MS nefnd: Hrund Andrad\u00f3ttir &amp; Tarek Zaqout (H\u00cd). Anna Rut &hellip; <a href=\"https:\/\/vafris.is\/?page_id=59\">Halda \u00e1fram a\u00f0 lesa <span class=\"meta-nav\">&rarr;<\/span><\/a><\/p>\n","protected":false},"author":2,"featured_media":0,"parent":2,"menu_order":0,"comment_status":"closed","ping_status":"open","template":"","meta":{"footnotes":""},"class_list":["post-59","page","type-page","status-publish","hentry"],"_links":{"self":[{"href":"https:\/\/vafris.is\/index.php?rest_route=\/wp\/v2\/pages\/59","targetHints":{"allow":["GET"]}}],"collection":[{"href":"https:\/\/vafris.is\/index.php?rest_route=\/wp\/v2\/pages"}],"about":[{"href":"https:\/\/vafris.is\/index.php?rest_route=\/wp\/v2\/types\/page"}],"author":[{"embeddable":true,"href":"https:\/\/vafris.is\/index.php?rest_route=\/wp\/v2\/users\/2"}],"replies":[{"embeddable":true,"href":"https:\/\/vafris.is\/index.php?rest_route=%2Fwp%2Fv2%2Fcomments&post=59"}],"version-history":[{"count":30,"href":"https:\/\/vafris.is\/index.php?rest_route=\/wp\/v2\/pages\/59\/revisions"}],"predecessor-version":[{"id":1683,"href":"https:\/\/vafris.is\/index.php?rest_route=\/wp\/v2\/pages\/59\/revisions\/1683"}],"up":[{"embeddable":true,"href":"https:\/\/vafris.is\/index.php?rest_route=\/wp\/v2\/pages\/2"}],"wp:attachment":[{"href":"https:\/\/vafris.is\/index.php?rest_route=%2Fwp%2Fv2%2Fmedia&parent=59"}],"curies":[{"name":"wp","href":"https:\/\/api.w.org\/{rel}","templated":true}]}}